{"id":1386,"date":"2014-11-17T08:20:38","date_gmt":"2014-11-17T08:20:38","guid":{"rendered":"http:\/\/themes.themegoods.com\/vega\/demo\/?page_id=1386"},"modified":"2023-12-21T22:58:39","modified_gmt":"2023-12-21T22:58:39","slug":"about-me","status":"publish","type":"page","link":"https:\/\/www.lejacko.com\/photos\/about-me\/","title":{"rendered":"A propos de moi"},"content":{"rendered":"<section class=\"wpb-content-wrapper\"><p>[vc_row][vc_column][vc_custom_heading text=\u00a0\u00bbPhotographie, Web int\u00e9gration et plus encore.\u00a0\u00bb font_container=\u00a0\u00bbtag:h2|text_align:center\u00a0\u00bb][vc_column_text]<div class=\"post_excerpt animate\"><\/p>\n<div class=\"caption_header\" style=\"text-align: center;\"><\/div>\n<p><i>Passionn\u00e9 de photo, et des outils permettant de les mettre en valeur , je vous partage ici ma passion de la photo.<\/i><\/p>\n<p><i>Apr\u00e8s une longue pause, je reviens \u00e0 la photo afin de partager ma passion et cette envie de figer le temps avec pour marqueur nos expressions du moment. <\/i><i>Ainsi en capturant ces moments de vie avec une photographie, je capture un fragment du temps qui ne reviendra pas.<\/i><\/p>\n<p><i> Et comme la photographie est l\u2019un des langages les plus universels qui soit, je n&rsquo;ai pas besoin d&rsquo;en dire plus pour communiquer avec vous.<\/i><br \/>\n<\/div>[\/vc_column_text][vc_empty_space height=\u00a0\u00bb12px\u00a0\u00bb][vc_column_text]<img loading=\"lazy\" decoding=\"async\" class=\"aligncenter size-full wp-image-1166 animate\" src=\"https:\/\/www.lejacko.com\/photos\/wp-content\/uploads\/2014\/11\/profile.png\" alt=\"profile\" width=\"400\" height=\"400\" srcset=\"https:\/\/www.lejacko.com\/photos\/wp-content\/uploads\/2014\/11\/profile.png 400w, https:\/\/www.lejacko.com\/photos\/wp-content\/uploads\/2014\/11\/profile-300x300.png 300w, https:\/\/www.lejacko.com\/photos\/wp-content\/uploads\/2014\/11\/profile-100x100.png 100w, https:\/\/www.lejacko.com\/photos\/wp-content\/uploads\/2014\/11\/profile-150x150.png 150w, https:\/\/www.lejacko.com\/photos\/wp-content\/uploads\/2014\/11\/profile-109x109.png 109w\" sizes=\"auto, (max-width: 400px) 100vw, 400px\" \/><\/p>\n<div class=\"caption_header animate\" style=\"text-align: center; font-size: 24px;\">Ma Philosophie<\/div>\n<p>&nbsp;<\/p>\n<div class=\"animate\">\n<div class=\"one_half \">\n<i>Ici vous ne trouverez que des photos prises par moi. Vous me direz que c&rsquo;est \u00e9vident comme c&rsquo;est mon site web, mais je pr\u00e9f\u00e8re le pr\u00e9cis\u00e9 afin d&rsquo;\u00e9viter toutes ambigu\u00eft\u00e9s .<\/i>\n<\/div>\n<div class=\"one_half last \">\n<i>Certaines photos ne sont pas disponibles pour tous. D\u00e9sol\u00e9, mais le partage pour tous c&rsquo;est bien, mais avec des limites de de m\u00eame. <\/i>\n<\/div>\n<p><br class=\"clear\"\/><\/div>\n<div class=\"animate\" style=\"text-align: center;\">\n<blockquote><p>\u00a0\u00bb Le <strong>photographe<\/strong> est comme la morue qui pond un million d\u2019\u0153ufs afin qu&rsquo;un puisse \u00e9clore.\u00a0\u00bb<\/p>\n<h2>Georges-Bernard Shaw<\/h2>\n<\/blockquote>\n<\/div>\n<p>[\/vc_column_text][vc_row_inner disable_element=\u00a0\u00bbyes\u00a0\u00bb][vc_column_inner][vc_single_image image=\u00a0\u00bb1166&Prime; img_size=\u00a0\u00bbfull\u00a0\u00bb style=\u00a0\u00bbvc_box_circle_2&Prime;][vc_message]<\/p>\n<p style=\"text-align: center;\">\u00a0\u00bb Le <strong>photographe<\/strong> est comme la morue qui pond un million d\u2019\u0153ufs afin qu&rsquo;un puisse \u00e9clore.\u00a0\u00bb<\/p>\n<h2 style=\"text-align: center;\">Georges-Bernard Shaw<\/h2>\n<p>[\/vc_message][\/vc_column_inner][\/vc_row_inner][\/vc_column][\/vc_row][vc_row][vc_column][vc_single_image image=\u00a0\u00bb3426&Prime; img_size=\u00a0\u00bbfull\u00a0\u00bb alignment=\u00a0\u00bbcenter\u00a0\u00bb style=\u00a0\u00bbvc_box_shadow_3d\u00a0\u00bb][\/vc_column][\/vc_row]<\/p>\n<\/section>","protected":false},"excerpt":{"rendered":"<p>[vc_row][vc_column][vc_custom_heading text=\u00a0\u00bbPhotographie, Web int\u00e9gration et plus encore.\u00a0\u00bb font_container=\u00a0\u00bbtag:h2|text_align:center\u00a0\u00bb][vc_column_text][\/vc_column_text][vc_empty_space height=\u00a0\u00bb12px\u00a0\u00bb][vc_column_text] Ma Philosophie &nbsp; \u00a0\u00bb Le photographe est comme la morue qui pond un million d\u2019\u0153ufs afin qu&rsquo;un puisse \u00e9clore.\u00a0\u00bb Georges-Bernard Shaw [\/vc_column_text][vc_row_inner disable_element=\u00a0\u00bbyes\u00a0\u00bb][vc_column_inner][vc_single_image image=\u00a0\u00bb1166&Prime; img_size=\u00a0\u00bbfull\u00a0\u00bb style=\u00a0\u00bbvc_box_circle_2&Prime;][vc_message] \u00a0\u00bb Le photographe est comme la morue qui pond un million d\u2019\u0153ufs afin qu&rsquo;un puisse \u00e9clore.\u00a0\u00bb Georges-Bernard Shaw [\/vc_message][\/vc_column_inner][\/vc_row_inner][\/vc_column][\/vc_row][vc_row][vc_column][vc_single_image image=\u00a0\u00bb3426&Prime; [&hellip;]<\/p>\n","protected":false},"author":2,"featured_media":0,"parent":0,"menu_order":0,"comment_status":"open","ping_status":"closed","template":"page_f.php","meta":{"footnotes":""},"class_list":["post-1386","page","type-page","status-publish","hentry"],"aioseo_notices":[],"_links":{"self":[{"href":"https:\/\/www.lejacko.com\/photos\/wp-json\/wp\/v2\/pages\/1386","targetHints":{"allow":["GET"]}}],"collection":[{"href":"https:\/\/www.lejacko.com\/photos\/wp-json\/wp\/v2\/pages"}],"about":[{"href":"https:\/\/www.lejacko.com\/photos\/wp-json\/wp\/v2\/types\/page"}],"author":[{"embeddable":true,"href":"https:\/\/www.lejacko.com\/photos\/wp-json\/wp\/v2\/users\/2"}],"replies":[{"embeddable":true,"href":"https:\/\/www.lejacko.com\/photos\/wp-json\/wp\/v2\/comments?post=1386"}],"version-history":[{"count":20,"href":"https:\/\/www.lejacko.com\/photos\/wp-json\/wp\/v2\/pages\/1386\/revisions"}],"predecessor-version":[{"id":3557,"href":"https:\/\/www.lejacko.com\/photos\/wp-json\/wp\/v2\/pages\/1386\/revisions\/3557"}],"wp:attachment":[{"href":"https:\/\/www.lejacko.com\/photos\/wp-json\/wp\/v2\/media?parent=1386"}],"curies":[{"name":"wp","href":"https:\/\/api.w.org\/{rel}","templated":true}]}}